mber?
False
Suppose 2*a + 3 - 7 = 0. Let m(i) = 3*i**3 + 1 - 4*i**2 + i + 3*i**2 + 0. Is m(a) a composite number?
False
Let l(g) = g**2 - 9*g - 6 + 6*g + 4. Is l(11) prime?
False
Suppose 0 = -i - 4*u - 7, -4*u = i + 2*i - 3. Let v = -1864 - -3045. Suppose -i*y + v = 436. Is y prime?
True
Suppose -2*q = 3*o - 327, o + 3*o = 12. Is q a prime number?
False
Let y = -3 + -1. Let x(c) = -77*c + 2. Let w be x(y). Suppose 0 = 2*v - 0*v - w. Is v prime?
False
Suppose 0 = 3*b - 15, 5*r - 2*b = -5*b + 15. Suppose r*t - 8 = 4*t. Is t/(-3)*-3 - -27 composite?
True
Suppose 2544 = 4*t + n, -t + 2*n + n + 623 = 0. Is t a composite number?
True
Let a(q) = 3*q**2 + 15*q + 16. Is a(6) a composite number?
True
Suppose -4*q + 17 = -3. Suppose -2*m + 626 = -q*y, -3*y + 669 = 3*m - 228. Is m prime?
False
Is 586/(-4)*-1*2 a composite number?
False
Suppose 5*g - 2721 = 4*a, -1448 = -4*g + 2*a + 724. Is g a composite number?
False
Is 105/(-10)*(-6584)/12 a composite number?
True
Let y = -15 + 396. Is y composite?
True
Let u(n) = 41*n + 6. Is u(11) a composite number?
False
Let k be 3/(-2)*102/(-9). Suppose -k = 2*l - 45. Is l a prime number?
False
Let r = 4 + -3. Let o(l) = -l**2 - l + 1. Let a be o(r). Let m(x) = -10*x. Is m(a) a composite number?
True
Let k(y) = -5*y - 2. Let j be (-17)/3 + 6/9. Is k(j) composite?
False
Is (-2 + 3)/(4/1708) composite?
True
Let p = -322 - -569. Let y = -134 + p. Is y composite?
False
Suppose 3*r + 3*v - 25 - 2 = 0, 2*v = 8. Let y = -1 + r. Suppose 61 = y*t - 91. Is t a composite number?
True
Suppose 2*f - 6 = 0, -c - 4*c + f - 398 = 0. Let p = 1 + 9. Let v = p - c. Is v prime?
True
Let x(o) = -o - 9. Let t be x(-15). Is (t/(-3))/((-4)/74) prime?
True
Suppose -3*m - 7*m = -3710. Is m a composite number?
True
Suppose -p - 29 = -2*p. Let x = p - 50. Let z = x + 31. Is z composite?
True
Suppose 3*n - 2*i = 22, 2*n + i = -n + 7. Let f(l) = 7*l + 5. Let m be f(10). Suppose -z - m = -n*z. Is z composite?
True
Let a = -7 - -4. Is (2/a)/((-6)/531) prime?
True
Suppose 2*f + 103 = 3*b - 9, -b + 29 = f. Is b a composite number?
True
Suppose 6*m + 42 = 3*m. Let q = m - -72. Suppose 3*a - 8 - q = 0. Is a composite?
True
Let c = 2598 + -1543. Is c composite?
True
Is (-4 - (4 - 900)) + 3 prime?
False
Let n(t) = t**3 - 12*t**2 + 12*t + 1. Let d(m) = -m**3 + 13*m**2 - 13*m. Let l be (-40)/(-15)*3/(-2). Let j(f) = l*n(f) - 3*d(f). Is j(7) composite?
False
Let y(q) = -2*q**3 + q**2 - 11*q + 6*q + 2 - 3 + 0*q**3. Is y(-4) a composite number?
False
Suppose -3*n + 6*n + 24 = 0. Is (-38)/4*(n - 6) composite?
True
Let o(w) = -w**2 - 4*w - 2. Let t be o(-3). Let k be 12/3 + (0 - t). Is (-2 + k)/((-3)/(-327)) a composite number?
False
Suppose -3*x - 5*u = -484, -5*x - 3*u + 819 = -7*u. Is x composite?
False
Suppose 31*c = 33*c - 1082. Is c a prime number?
True
Let l = 89 + -30. Is l composite?
False
Let x(s) = 42*s**2 + s - 2. Let t be x(-2). Let g = 267 - t. Is g prime?
True
Let i = 30 - 25. Suppose i*z - 406 = -11. Is z composite?
False
Let f = 61 + -95. Let c = -20 - f. Suppose -r = r - c. Is r a prime number?
True
Let l = -4 - -16. Let g = l - 5. Let w = g - 3. Is w prime?
False
Suppose 15 = 2*d + 3*d. Suppose 2*c - 1975 = -d*c. Suppose 0*v - 5*v = -c. Is v a composite number?
False
Let m = -33 - -92. Suppose -4*z - 5*b = -40, -z - 2*b = -b - 9. Suppose -z*y = 4 - m. Is y a composite number?
False
Let r(p) = p**3 - 12*p**2 + 12*p - 8. Let v be r(11). Suppose 291 + 48 = v*t. Is t prime?
True
Is 1347/2 + 2 + 10/(-4) prime?
True
Let f(k) = 2*k. Let o be f(2). Suppose -h + o*h = 249. Is h composite?
False
Let p(w) = -597*w + 32. Is p(-11) composite?
False
Suppose d + 5 = 4*b - 25, 5*b - 4*d - 43 = 0. Suppose -3*g + 14 = -b. Let z = 16 - g. Is z composite?
True
Let z be -2 - -28*(4 + -6). Is 1 - (-4 - -5) - z a composite number?
True
Suppose -2*y = 5*v - y - 72, -5*v - 2*y = -74. Let f = v - 29. Let m = 52 + f. Is m composite?
False
Let z(g) = -g**3 - 8*g**2 - 10*g. Let a = -23 - -16. Is z(a) a prime number?
False
Suppose p + 4*d = 2*p + 20, 2*d = 4*p + 10. Suppose 3*u - 2*u - 240 = p. Suppose u - 70 = 2*r. Is r a composite number?
True
Suppose 0*m - 4*m = -2612. Is m prime?
True
Let i(v) = v**3 - 4*v**2 - 5*v + 5. Let s be i(5). Suppose -3*o - 3*w + 42 = w, -2*o = -5*w - s. Is o composite?
True
Let n = 84 - 9. Suppose -4*p - 4*t = -p - n, -5*t + 50 = 2*p. Let m = -12 + p. Is m a prime number?
True
Suppose -50918 = -14*a - 0*a. Is a composite?
False
Let t = 383 + 704. Is t a prime number?
True
Let p(s) = 17*s + 4. Let f be p(-3). Let l = f + 112. Is l a prime number?
False
Let f(n) = 524*n + 5. Let c(j) = -175*j - 2. Let x(a) = 8*c(a) + 3*f(a). Let w be x(-1). Let q = w - -304. Is q a composite number?
False
Let q(s) = 12*s**2 - 5*s + 9. Let m be q(4). Let x = m + 214. Is x a prime number?
False
Let u be 4/6*(-18)/(-4). Suppose -97 = -u*h + 104. Is h prime?
True
Let k(x) = 70*x**2 + 10*x - 13. Is k(8) composite?
False
Let b(g) = -38*g + 1. Suppose 0 = 3*c + 3 + 3. Is b(c) prime?
False
Let c = -344 - -935. Is c prime?
False
Let y(p) = 2*p**2 - 11*p + 7. Suppose -3*i + 18 = -6*i. Is y(i) a prime number?
False
Let v be (-9)/(-36) + (-19)/(-4). Suppose -4*n - 89 = -2*k - n, -k + v*n = -48. Suppose h = k + 24. Is h a prime number?
True
Let m be ((-1)/1 - -3)/1. Suppose 3*t = 4*h - 877, t + 4*t + 435 = m*h. Suppose -3*g = -3*j - 189, g - 5*g + h = 4*j. Is g prime?
True
Let u be 1/(((-5)/336)/(-5)). Suppose 3*m + 3*x - u = 243, -5*m + 963 = 4*x. Is m composite?
False
Let m = 1564 - 1079. Is m composite?
True
Let k = 16 - 25. Is 17 - (k*1)/(-3) composite?
True
Suppose 0 = -5*f - v + 14603, -2*f + 0*f + 5*v + 5852 = 0. Is f composite?
True
Let l be ((-7)/3)/((-5)/30). Let b = l + -5. Suppose -b = j - 32. Is j prime?
True
Let y(r) = r + 4. Let i be y(-5). Let c be -1 - (i - (-2)/1). Is 699/33 - c/(-11) a prime number?
False
Let y = 221 - 111. Suppose 3*m - 91 = y. Is m prime?
True
Suppose 3*j = 2*j + 86. Let s = j + -19. Is s a prime number?
True
Let r(q) = -23*q - 2. Is r(-7) composite?
True
Is ((-1842)/18)/(2/(-6)) prime?
True
Let b = -85 + 376. Is b composite?
True
Let y(i) = -i**3 - 2*i**2 + i - 3. Let t be y(-3). Suppose -t*p = p + 12, 3*p + 21 = 2*a. Is a prime?
False
Let x be 2*(-4)/16*-6. Suppose -a + 136 = -x*z, -z - z + 146 = a. Is a prime?
False
Let j be (-18)/(-4) - (-2)/(-4). Suppose 0 = -j*f + 3*l + 67, -f - 80 = -6*f + 3*l. Is f a prime number?
True
Suppose -z - 5*o + 137 = 0, z - 110 = 3*o + o. Suppose 507 = 4*f + 2*w - w, -5*w + z = f. Is f a prime number?
True
Let f be 0 + 1 - 2 - -5. Let t = -4 + f. Suppose 3*m + m - 156 = t. Is m a prime number?
False
Let y be ((-12)/(-8))/(6/56). Suppose -2*u + 268 - y = 0. Is u a composite number?
False
Let p(m) = 4*m**3 - 13*m**2 - 2*m - 11. Is p(6) a composite number?
False
Suppose -6*q = -3*q - 651. Is q composite?
True
Let i be (-191)/4 - (-5)/(-20). Let t = -11 - i. Is t prime?
True
Suppose -2*b + 3*w = -146, -41 = -b + 3*w + 26. Is b composite?
False
Suppose -9 = -2*f - f. Is f/(-6)*0 + 15 a prime number?
False
Let k = 839 + -264. Let w = k - 318. Is w a composite number?
False
Let y = -2 - -3. Let v be (435 - (-2 + y)) + -1. Suppose 0 = -g - 0*g + n + 145, -3*g - n = -v. Is g a prime number?
False
Let k(c) = -3*c**3 + 4*c**2 - 6*c + 4. Let o be k(4). Suppose 213 = x - 4*x. Let t = x - o. Is t composite?
True
Suppose -3*q + 1005 = -60. Is q prime?
False
Let y be 9 - 3 - (1 + 2). Suppose -6*f = -y*f - 597. Is f prime?
True
Suppose -5*g = -63 - 167. Let b = 131 - g. Is b prime?
False
Is (-3)/(-2)*2676/(-54)*-6 a prime number?
False
Let m(u) be the third derivative of -u**5/60 - 11*u**4/24 + 5*u**3/2 - 5*u**2. Is m(-11) composite?
True
Let q(x) = 61*x**2 - 4. Let l be q(3). Suppose -2*c + 327 = 3*p, -5*p - 6*c = -c - l. Is p a prime number?
True
Suppose 3*u = -0*u + i + 196, i + 66 = u. Is u prime?
False
Suppose -1 = -j - 3. Let x be ((-63)/6)/(j/4). Let v = -10 + x. Is v a composite number?
False
Let f(b) = 2*b**2 + 0*b**2 + 4*b**2 - 3. Let u(m) = -5*m**2 + 3. Let j(q) = -3*f(q) - 4*u(q). Is j(-3) a prime number?
False
Let w be (2 - 3)*(-2 + 3). Let o be 41 + 1 + (w - -1). Suppose 0 = -m + o - 7. Is m prime?
False
Suppose -x = -62 - 79. Suppose 4*k + 204 = 20. Let o = x + k. Is o a prime number?
False
Suppos